{"id":13,"date":"2014-02-28T06:54:46","date_gmt":"2014-02-28T06:54:46","guid":{"rendered":"http:\/\/192.232.247.118\/imithemes.com\/dev\/native-church\/?page_id=13"},"modified":"2023-06-01T04:50:04","modified_gmt":"2023-06-01T02:50:04","slug":"about-us","status":"publish","type":"page","link":"https:\/\/trebob.com\/?page_id=13","title":{"rendered":"Biographie"},"content":{"rendered":"<p class=\"drop-caps \">C&rsquo;est en 2002 qu&rsquo;est n\u00e9 le duo \u00ab\u00a0TREBOB\u00a0\u00bb, avec l&rsquo;union de Boris Segarra (guitariste, chanteur) et Robert Martinez (bassiste, choriste). Tous les deux intermittents du spectacle depuis quelques ann\u00e9es, ils d\u00e9cid\u00e8rent de s&rsquo;associer pour monter un programme de reprises \u00ab\u00a0Vari\u00e9t\u00e9 Rock\u00a0\u00bb, qu&rsquo;ils joueront sur des s\u00e9quences enti\u00e8rement r\u00e9alis\u00e9es par Boris. Le\u00a0duo sera baptis\u00e9 \u00ab\u00a0TREBOB\u00a0\u00bb suite \u00e0 un amalgame trouv\u00e9 entre surnom et pr\u00e9nom en verlant.<\/p>\n<p>Ils sillonneront les bitrots et les petites sc\u00e8nes du sud durant cinq ann\u00e9es.<\/p>\n<p>Puis vint l\u2019arriv\u00e9e de Christophe Jammes (Guitariste, Choriste), pour former un trio pendant un an et demi, jusqu\u2019\u00e0 ce que Robert d\u00e9cide de s\u2019arr\u00eater, \u00e9prouvant une certaine lassitude \u00e0 g\u00e9rer\u00a0le statut\u00a0d\u2019intermittent&#8230; \u00abTREBOB\u00bb continuera donc sans Robert.<\/p>\n<p>La complicit\u00e9 entre Christophe et Boris va durer neuf\u00a0ann\u00e9es, durant lesquelles le duo ne cessera d&rsquo;\u00e9voluer. Christophe apportera des sonorit\u00e9s diff\u00e9rentes avec de l&rsquo;accord\u00e9on, du banjo, de la mandoline, de la percussion aux pieds et Boris y ajoutera de la basse, permettant ainsi des interpr\u00e9tations plus live et du coup un programme devenu plus \u00e9clectique.<\/p>\n<p>Aujourd&rsquo;hui Christophe s&rsquo;est orient\u00e9 vers d&rsquo;autres projets et c&rsquo;est avec l&rsquo;arriv\u00e9 St\u00e9phane Vicente (guitare, banjo, ch\u0153urs) que l&rsquo;aventure \u00ab\u00a0TREBOB\u00a0\u00bb va continuer. Boris \u00e0 repris la percussion aux pieds et la mandoline pour garder toutes les couleurs acquises durant toutes ces ann\u00e9es.<\/p>\n<p>\u00ab\u00a0TREBOB\u00a0\u00bb &#8230; <em>On the road again<\/em>\u00a0! Avec St\u00e9phane et Boris !!!<\/p>\n<h3>Musiciens<\/h3>\n<div class=\"row\"><div class=\"col-md-4 col-sm-4\">\n                    <div class=\"grid-item staff-item\"> \n                        <div class=\"grid-item-inner\"><div class=\"media-box\"><a href=\"https:\/\/trebob.com\/?staff=boris\"><img decoding=\"async\" src=\"https:\/\/trebob.com\/wp-content\/uploads\/2015\/07\/webcoul-Trebob-PIXART.jpg\" class=\"attachment-full size-full wp-post-image\" alt=\"\" srcset=\"https:\/\/trebob.com\/wp-content\/uploads\/2015\/07\/webcoul-Trebob-PIXART.jpg 1000w, https:\/\/trebob.com\/wp-content\/uploads\/2015\/07\/webcoul-Trebob-PIXART-212x300.jpg 212w, https:\/\/trebob.com\/wp-content\/uploads\/2015\/07\/webcoul-Trebob-PIXART-768x1086.jpg 768w, https:\/\/trebob.com\/wp-content\/uploads\/2015\/07\/webcoul-Trebob-PIXART-724x1024.jpg 724w, https:\/\/trebob.com\/wp-content\/uploads\/2015\/07\/webcoul-Trebob-PIXART-958x1355.jpg 958w\" sizes=\"(max-width: 1000px) 100vw, 1000px\" \/><\/a><\/div><div class=\"grid-content\">\n                                <h3> <a href=\"https:\/\/trebob.com\/?staff=boris\">Boris<\/a><\/h3><nav class=\"social-icons\"><a href=\"mailto:bobson_1@hotmail.com\"><i class=\"fa fa-envelope\"><\/i><\/a><span style=\"width:auto; background:none; color:#777; margin-top:10px; font-size:16px; display:block; text-align:left; width:100%\"><i class=\"fa fa-phone\"><\/i> 0619325307<\/span><\/nav><p>Guitares \u2013 Basse \u2013 Chant &#8211; S\u00e9quences &#8211; Percus<\/p><\/div><\/div>\n                    <\/div>\n                <\/div><div class=\"col-md-4 col-sm-4\">\n                    <div class=\"grid-item staff-item\"> \n                        <div class=\"grid-item-inner\"><div class=\"media-box\"><a href=\"https:\/\/trebob.com\/?staff=chris\"><img decoding=\"async\" src=\"https:\/\/trebob.com\/wp-content\/uploads\/2015\/07\/webnoir-Trebob-PIXART.jpg\" class=\"attachment-full size-full wp-post-image\" alt=\"\" srcset=\"https:\/\/trebob.com\/wp-content\/uploads\/2015\/07\/webnoir-Trebob-PIXART.jpg 1000w, https:\/\/trebob.com\/wp-content\/uploads\/2015\/07\/webnoir-Trebob-PIXART-212x300.jpg 212w, https:\/\/trebob.com\/wp-content\/uploads\/2015\/07\/webnoir-Trebob-PIXART-768x1086.jpg 768w, https:\/\/trebob.com\/wp-content\/uploads\/2015\/07\/webnoir-Trebob-PIXART-724x1024.jpg 724w, https:\/\/trebob.com\/wp-content\/uploads\/2015\/07\/webnoir-Trebob-PIXART-958x1355.jpg 958w\" sizes=\"(max-width: 1000px) 100vw, 1000px\" \/><\/a><\/div><div class=\"grid-content\">\n                                <h3> <a href=\"https:\/\/trebob.com\/?staff=chris\">Stephane<\/a><\/h3><nav class=\"social-icons\"><a href=\"mailto:stephane_vicente@aol.com\"><i class=\"fa fa-envelope\"><\/i><\/a><span style=\"width:auto; background:none; color:#777; margin-top:10px; font-size:16px; display:block; text-align:left; width:100%\"><i class=\"fa fa-phone\"><\/i> 0638984588<\/span><\/nav><p>Guitares &#8211; Banjo\u00a0&#8211; Ch\u0153urs<\/p><\/div><\/div>\n                    <\/div>\n                <\/div><\/div>\n","protected":false},"excerpt":{"rendered":"<p>Ils sillonneront les bitrots et les petites sc\u00e8nes du sud durant cinq ann\u00e9es. Puis vint l\u2019arriv\u00e9e de Christophe Jammes (Guitariste, Choriste), pour former un trio pendant un an et demi, jusqu\u2019\u00e0 ce que Robert d\u00e9cide de s\u2019arr\u00eater, \u00e9prouvant une certaine lassitude \u00e0 g\u00e9rer\u00a0le statut\u00a0d\u2019intermittent&#8230; \u00abTREBOB\u00bb continuera donc sans Robert. La complicit\u00e9 entre Christophe et Boris [&hellip;]<\/p>\n","protected":false},"author":2,"featured_media":0,"parent":0,"menu_order":0,"comment_status":"closed","ping_status":"closed","template":"template-fullwidth.php","meta":{"footnotes":""},"class_list":["post-13","page","type-page","status-publish","hentry"],"_links":{"self":[{"href":"https:\/\/trebob.com\/index.php?rest_route=\/wp\/v2\/pages\/13","targetHints":{"allow":["GET"]}}],"collection":[{"href":"https:\/\/trebob.com\/index.php?rest_route=\/wp\/v2\/pages"}],"about":[{"href":"https:\/\/trebob.com\/index.php?rest_route=\/wp\/v2\/types\/page"}],"author":[{"embeddable":true,"href":"https:\/\/trebob.com\/index.php?rest_route=\/wp\/v2\/users\/2"}],"replies":[{"embeddable":true,"href":"https:\/\/trebob.com\/index.php?rest_route=%2Fwp%2Fv2%2Fcomments&post=13"}],"version-history":[{"count":15,"href":"https:\/\/trebob.com\/index.php?rest_route=\/wp\/v2\/pages\/13\/revisions"}],"predecessor-version":[{"id":1677,"href":"https:\/\/trebob.com\/index.php?rest_route=\/wp\/v2\/pages\/13\/revisions\/1677"}],"wp:attachment":[{"href":"https:\/\/trebob.com\/index.php?rest_route=%2Fwp%2Fv2%2Fmedia&parent=13"}],"curies":[{"name":"wp","href":"https:\/\/api.w.org\/{rel}","templated":true}]}}